{"id":878,"date":"2024-07-14T14:02:52","date_gmt":"2024-07-14T14:02:52","guid":{"rendered":"https:\/\/www.latruitecauchoise.fr\/carpe\/wpbc-booking-received\/"},"modified":"2024-08-01T15:39:31","modified_gmt":"2024-08-01T15:39:31","slug":"wpbc-booking-received","status":"publish","type":"page","link":"https:\/\/www.latruitecauchoise.fr\/carpe\/wpbc-booking-received\/","title":{"rendered":"Booking Received"},"content":{"rendered":"\t\t<div data-elementor-type=\"wp-post\" data-elementor-id=\"878\" class=\"elementor elementor-878\">\n\t\t\t\t\t\t<section class=\"elementor-section elementor-top-section elementor-element elementor-element-fc150fb elementor-section-boxed elementor-section-height-default elementor-section-height-default\" data-id=\"fc150fb\" data-element_type=\"section\">\n\t\t\t\t\t\t<div class=\"elementor-container elementor-column-gap-default\">\n\t\t\t\t\t<div class=\"elementor-column elementor-col-100 elementor-top-column elementor-element elementor-element-5c887bd\" data-id=\"5c887bd\" data-element_type=\"column\">\n\t\t\t<div class=\"elementor-widget-wrap elementor-element-populated\">\n\t\t\t\t\t\t<div class=\"elementor-element elementor-element-3ab9ebf elementor-widget elementor-widget-heading\" data-id=\"3ab9ebf\" data-element_type=\"widget\" data-widget_type=\"heading.default\">\n\t\t\t\t<div class=\"elementor-widget-container\">\n\t\t\t<h1 class=\"elementor-heading-title elementor-size-default\">R\u00e8glement g\u00e9n\u00e9ral des \u00e9tangs<\/h1>\t\t<\/div>\n\t\t\t\t<\/div>\n\t\t\t\t<div class=\"elementor-element elementor-element-a414c41 elementor-widget elementor-widget-text-editor\" data-id=\"a414c41\" data-element_type=\"widget\" data-widget_type=\"text-editor.default\">\n\t\t\t\t<div class=\"elementor-widget-container\">\n\t\t\t\t\t\t\t<p>\u00a0<\/p><p>Le r\u00e8glement int\u00e9rieur est \u00e9tabli par le conseil d\u2019administration, il est adopt\u00e9 \u00e0 l\u2019occasion d\u2019une r\u00e9union de bureau par les membres pr\u00e9sents. Les pouvoirs sont comptabilis\u00e9s.<\/p><p>L\u2019autorisation de p\u00eache entraine ipso facto l\u2019acceptation et l\u2019application des diff\u00e9rents r\u00e8glements.<\/p><p>Une association qui demande \u00e0 b\u00e9n\u00e9ficier de l\u2019ex-base de loisirs (prairie des Etangs) en a le droit avec l\u2019autorisation de la Mairie. La p\u00eache en aucun cas ne peut entraver l\u2019activit\u00e9 \u00e9cole de voile.<\/p><p>La p\u00eache peut \u00eatre interdite avec un arr\u00eat\u00e9 pour des manifestations sur l\u2019eau, spectacles, sur les chemins (courses, v\u00e9lo VVT, randonn\u00e9e, etc\u2026) Man\u0153uvres, recherches \u00ab police, Gendarmeries \u00bb.<\/p><p>L\u2019AAPPMA et la Ville de F\u00e9camp d\u00e9clinent toute responsabilit\u00e9 en cas de vol, d\u00e9gradation, intemp\u00e9rie ou accident de toute sorte. Cela est valable \u00e0 titre personnel ou mat\u00e9riel (voiture, mat\u00e9riel de p\u00eache etc\u2026)<\/p><p>La r\u00e9introduction de poisson venant de l\u2019ext\u00e9rieur et sans certificat sanitaire est strictement interdite et consid\u00e9r\u00e9e comme un d\u00e9lit donc passible de poursuites et d\u2019amendes.<\/p><p>Les soci\u00e9taires doivent respecter les berges et les plantations sous peine de sanction pouvant aller jusqu\u2019\u00e0 l\u2019exclusion de l\u2019association.<\/p>\t\t\t\t\t\t<\/div>\n\t\t\t\t<\/div>\n\t\t\t\t\t<\/div>\n\t\t<\/div>\n\t\t\t\t\t<\/div>\n\t\t<\/section>\n\t\t\t\t<section class=\"elementor-section elementor-top-section elementor-element elementor-element-ab52c5e elementor-section-boxed elementor-section-height-default elementor-section-height-default\" data-id=\"ab52c5e\" data-element_type=\"section\">\n\t\t\t\t\t\t<div class=\"elementor-container elementor-column-gap-default\">\n\t\t\t\t\t<div class=\"elementor-column elementor-col-100 elementor-top-column elementor-element elementor-element-6255089\" data-id=\"6255089\" data-element_type=\"column\">\n\t\t\t<div class=\"elementor-widget-wrap elementor-element-populated\">\n\t\t\t\t\t\t<div class=\"elementor-element elementor-element-968db6d elementor-widget elementor-widget-heading\" data-id=\"968db6d\" data-element_type=\"widget\" data-widget_type=\"heading.default\">\n\t\t\t\t<div class=\"elementor-widget-container\">\n\t\t\t<h2 class=\"elementor-heading-title elementor-size-default\">R\u00e8glement sp\u00e9cifique \"carpe\"<\/h2>\t\t<\/div>\n\t\t\t\t<\/div>\n\t\t\t\t<div class=\"elementor-element elementor-element-b9f6c90 elementor-widget elementor-widget-text-editor\" data-id=\"b9f6c90\" data-element_type=\"widget\" data-widget_type=\"text-editor.default\">\n\t\t\t\t<div class=\"elementor-widget-container\">\n\t\t\t\t\t\t\t<ul>\n<li>P\u00eache autoris\u00e9e uniquement apr\u00e8s avoir pris l\u2019option Carpe Etang du Nid de verdier et L\u2019Epinay.<\/li>\n<li>L\u2019option se prend sur le site <a href=\"http:\/\/www.cartedepeche.fr\/\">cartedepeche.fr <\/a>ou l\u2019Office du tourisme de F\u00e9camp \u00e0 partir du 1<sup>er<\/sup> janvier 2019 pour une dur\u00e9e d\u2019un an.<\/li>\n<li>P\u00eache \u00e0 la carpe de jour comme de nuit se pratique sur l\u2019Etang du Nid de Verdier uniquement sur les 5 postes d\u00e9di\u00e9s et sur les 4 postes sur l\u2019Etang de l\u2019Epinay (poste sauvage interdit).<\/li>\n<\/ul>\n<h3>R\u00e9servation<\/h3>\n<ul>\n<li>La r\u00e9servation du poste est obligatoire sur le site de l\u2019AAPPMA \u00ab La Truite Cauchoise \u00bb pour 24h et 48h au Maximum. Elle commence \u00e0 18 h. Les r\u00e9servations ne peuvent d\u00e9passer deux mois \u00e0 l\u2019avance.<\/li>\n<li>Nom du p\u00eacheur obligatoire, 4 cannes par poste et 2 p\u00eacheurs maximum<\/li>\n<li>Accompagnant peut rester jusqu\u2019\u00e0 21<\/li>\n<\/ul>\n<h3>Consignes:<\/h3>\n<ul>\n<li>Aucune p\u00eache n&rsquo;est prioritaire la consultation entre pecheurs est de<\/li>\n<li>Les groupes \u00e9lectrog\u00e8nes, les halog\u00e8nes et les lampes surpuissantes sont interdits pour respecter les voisins<\/li>\n<li>Les feux au sol sont strictement interdits, seul les barbecues mat\u00e9rialis\u00e9s et de petites tailles sont tol\u00e9r\u00e9s<\/li>\n<li>L\u2019amor\u00e7age \u00e0 l\u2019aide de Mini Bateau t\u00e9l\u00e9command\u00e9 est interdit lorsque l\u2019\u00e9cole de voile est surl\u2019eau.<\/li>\n<\/ul>\n<p>Les amor\u00e7ages seront faits dans des proportions et d\u2019une qualit\u00e9 ne pouvant pas alt\u00e9rer la sant\u00e9 des poissons ou les eaux du lac, les graines devront \u00eatre bien cuites.<\/p>\n<p><\/p>\n<ul>\n<li>En cas de blessure apparente du poisson, un antiseptique doit \u00eatre appliqu\u00e9 par vos soins ex : B\u00e9tadine en gel, Clinic\u2026 Le p\u00eacheur doit en \u00eatre muni en permanence.<\/li>\n<li>Le corps de ligne (nylon) doit \u00eatre sup\u00e9rieur ou \u00e9gale \u00e0 30 centi\u00e8mes, tresse interdite sauf bas de ligne.<\/li>\n<\/ul>\n<ul>\n<li>L\u2019utilisation d\u2019un tapis de r\u00e9ception du poisson (1.10m\/80)<\/li>\n<\/ul>\n<ul>\n<li>Les captures doivent \u00eatre m\u00e9nag\u00e9es. Apr\u00e8s la pes\u00e9e et la traditionnelle photo, elles doivent \u00eatre humidifi\u00e9es en permanence et remises \u00e0 l\u2019eau dans les meilleures conditions, et sans d\u00e9lai (utiliser de pr\u00e9f\u00e9rence le petit bassin). Le p\u00eacheur doit prendre le plus grand soin du poisson.<\/li>\n<\/ul>\n<ul>\n<li>Les postes doivent rester propres \u00e0 la fin de votre partie de p\u00eache.<\/li>\n<\/ul>\n<h4>&#8211;&nbsp;&nbsp;&nbsp;&nbsp;&nbsp;&nbsp;&nbsp;&nbsp;&nbsp; Attention pendant certains \u00e9v\u00e9nements (ouverture du carnassier et concours) la p\u00eache \u00e0 la carpe sera interdite.<\/h4>\n<ul>\n<li><strong>Renseignements au 07 86 96 59 04<\/strong><\/li>\n<\/ul>\t\t\t\t\t\t<\/div>\n\t\t\t\t<\/div>\n\t\t\t\t\t<\/div>\n\t\t<\/div>\n\t\t\t\t\t<\/div>\n\t\t<\/section>\n\t\t\t\t<\/div>\n\t\t","protected":false},"excerpt":{"rendered":"<p>R\u00e8glement g\u00e9n\u00e9ral des \u00e9tangs \u00a0 Le r\u00e8glement int\u00e9rieur est \u00e9tabli par le conseil d\u2019administration, il est adopt\u00e9 \u00e0 l\u2019occasion d\u2019une r\u00e9union de bureau par les membres pr\u00e9sents. Les pouvoirs sont comptabilis\u00e9s. L\u2019autorisation de p\u00eache entraine ipso facto l\u2019acceptation et l\u2019application des diff\u00e9rents r\u00e8glements. Une association qui demande \u00e0 b\u00e9n\u00e9ficier de l\u2019ex-base de loisirs (prairie des [&hellip;]<\/p>\n","protected":false},"author":1,"featured_media":0,"parent":0,"menu_order":0,"comment_status":"closed","ping_status":"closed","template":"","meta":{"ocean_post_layout":"","ocean_both_sidebars_style":"","ocean_both_sidebars_content_width":0,"ocean_both_sidebars_sidebars_width":0,"ocean_sidebar":"","ocean_second_sidebar":"","ocean_disable_margins":"enable","ocean_add_body_class":"","ocean_shortcode_before_top_bar":"","ocean_shortcode_after_top_bar":"","ocean_shortcode_before_header":"","ocean_shortcode_after_header":"","ocean_has_shortcode":"","ocean_shortcode_after_title":"","ocean_shortcode_before_footer_widgets":"","ocean_shortcode_after_footer_widgets":"","ocean_shortcode_before_footer_bottom":"","ocean_shortcode_after_footer_bottom":"","ocean_display_top_bar":"default","ocean_display_header":"default","ocean_header_style":"","ocean_center_header_left_menu":"","ocean_custom_header_template":"","ocean_custom_logo":0,"ocean_custom_retina_logo":0,"ocean_custom_logo_max_width":0,"ocean_custom_logo_tablet_max_width":0,"ocean_custom_logo_mobile_max_width":0,"ocean_custom_logo_max_height":0,"ocean_custom_logo_tablet_max_height":0,"ocean_custom_logo_mobile_max_height":0,"ocean_header_custom_menu":"","ocean_menu_typo_font_family":"","ocean_menu_typo_font_subset":"","ocean_menu_typo_font_size":0,"ocean_menu_typo_font_size_tablet":0,"ocean_menu_typo_font_size_mobile":0,"ocean_menu_typo_font_size_unit":"px","ocean_menu_typo_font_weight":"","ocean_menu_typo_font_weight_tablet":"","ocean_menu_typo_font_weight_mobile":"","ocean_menu_typo_transform":"","ocean_menu_typo_transform_tablet":"","ocean_menu_typo_transform_mobile":"","ocean_menu_typo_line_height":0,"ocean_menu_typo_line_height_tablet":0,"ocean_menu_typo_line_height_mobile":0,"ocean_menu_typo_line_height_unit":"","ocean_menu_typo_spacing":0,"ocean_menu_typo_spacing_tablet":0,"ocean_menu_typo_spacing_mobile":0,"ocean_menu_typo_spacing_unit":"","ocean_menu_link_color":"","ocean_menu_link_color_hover":"","ocean_menu_link_color_active":"","ocean_menu_link_background":"","ocean_menu_link_hover_background":"","ocean_menu_link_active_background":"","ocean_menu_social_links_bg":"","ocean_menu_social_hover_links_bg":"","ocean_menu_social_links_color":"","ocean_menu_social_hover_links_color":"","ocean_disable_title":"default","ocean_disable_heading":"default","ocean_post_title":"","ocean_post_subheading":"","ocean_post_title_style":"","ocean_post_title_background_color":"","ocean_post_title_background":0,"ocean_post_title_bg_image_position":"","ocean_post_title_bg_image_attachment":"","ocean_post_title_bg_image_repeat":"","ocean_post_title_bg_image_size":"","ocean_post_title_height":0,"ocean_post_title_bg_overlay":0.5,"ocean_post_title_bg_overlay_color":"","ocean_disable_breadcrumbs":"default","ocean_breadcrumbs_color":"","ocean_breadcrumbs_separator_color":"","ocean_breadcrumbs_links_color":"","ocean_breadcrumbs_links_hover_color":"","ocean_display_footer_widgets":"default","ocean_display_footer_bottom":"default","ocean_custom_footer_template":"","footnotes":""},"class_list":["post-878","page","type-page","status-publish","hentry","entry"],"_links":{"self":[{"href":"https:\/\/www.latruitecauchoise.fr\/carpe\/wp-json\/wp\/v2\/pages\/878"}],"collection":[{"href":"https:\/\/www.latruitecauchoise.fr\/carpe\/wp-json\/wp\/v2\/pages"}],"about":[{"href":"https:\/\/www.latruitecauchoise.fr\/carpe\/wp-json\/wp\/v2\/types\/page"}],"author":[{"embeddable":true,"href":"https:\/\/www.latruitecauchoise.fr\/carpe\/wp-json\/wp\/v2\/users\/1"}],"replies":[{"embeddable":true,"href":"https:\/\/www.latruitecauchoise.fr\/carpe\/wp-json\/wp\/v2\/comments?post=878"}],"version-history":[{"count":3,"href":"https:\/\/www.latruitecauchoise.fr\/carpe\/wp-json\/wp\/v2\/pages\/878\/revisions"}],"predecessor-version":[{"id":895,"href":"https:\/\/www.latruitecauchoise.fr\/carpe\/wp-json\/wp\/v2\/pages\/878\/revisions\/895"}],"wp:attachment":[{"href":"https:\/\/www.latruitecauchoise.fr\/carpe\/wp-json\/wp\/v2\/media?parent=878"}],"curies":[{"name":"wp","href":"https:\/\/api.w.org\/{rel}","templated":true}]}}